{"id":144,"date":"2025-02-16T14:51:30","date_gmt":"2025-02-16T13:51:30","guid":{"rendered":"https:\/\/cloudigens.com\/?page_id=144"},"modified":"2025-02-17T18:00:59","modified_gmt":"2025-02-17T17:00:59","slug":"o-nas","status":"publish","type":"page","link":"https:\/\/cloudigens.com\/?page_id=144","title":{"rendered":"Nasz zesp\u00f3\u0142"},"content":{"rendered":"\n<figure class=\"wp-block-image size-full\"><img loading=\"lazy\" decoding=\"async\" width=\"650\" height=\"650\" src=\"https:\/\/cloudigens.com\/wp-content\/uploads\/facet.png\" alt=\"\" class=\"wp-image-193\" srcset=\"https:\/\/cloudigens.com\/wp-content\/uploads\/facet.png 650w, https:\/\/cloudigens.com\/wp-content\/uploads\/facet-300x300.png 300w, https:\/\/cloudigens.com\/wp-content\/uploads\/facet-150x150.png 150w\" sizes=\"auto, (max-width: 650px) 100vw, 650px\" \/><\/figure>\n\n\n\n<p>Jeste\u015bmy ekspertami w zakresie ochrony danych<br>osobowych i bezpiecze\u0144stwa informacji.<br>Posiadamy wieloletnie do\u015bwiadczenie w pe\u0142nieniu<br>funkcji Inspektora Ochrony Danych (wcze\u015bniej<br>Administratora Bezpiecze\u0144stwa Informacji) oraz<br>jeste\u015bmy Audytorami Wiod\u0105cymi 27001.<\/p>\n\n\n\n<p>Dlaczego warto nam zaufa\u0107?<\/p>\n\n\n\n<ul class=\"wp-block-list\">\n<li><strong>Do\u015bwiadczenie: <\/strong>Posiadamy wieloletnie do\u015bwiadczenie w bran\u017cy ochrony danych osobowych i bezpiecze\u0144stwa informacji.<\/li>\n\n\n\n<li><strong>Profesjonalizm: <\/strong>Ka\u017cdy projekt realizujemy z najwy\u017csz\u0105 staranno\u015bci\u0105. Nasze us\u0142ugi s\u0105 dostosowane do indywidualnych potrzeb klient\u00f3w.<\/li>\n\n\n\n<li><strong>Innowacyjno\u015b\u0107: <\/strong>Stale \u015bledzimy zmiany w przepisach i nowinki technologiczne, aby oferowa\u0107 najnowocze\u015bniejsze rozwi\u0105zania w zakresie ochrony danych i bezpiecze\u0144stwa informacji.<\/li>\n<\/ul>\n","protected":false},"excerpt":{"rendered":"<p>Jeste\u015bmy ekspertami w zakresie ochrony danychosobowych i bezpiecze\u0144stwa informacji.Posiadamy wieloletnie do\u015bwiadczenie w pe\u0142nieniufunkcji Inspektora Ochrony Danych (wcze\u015bniejAdministratora Bezpiecze\u0144stwa Informacji) orazjeste\u015bmy Audytorami Wiod\u0105cymi 27001. Dlaczego warto nam zaufa\u0107?<\/p>\n","protected":false},"author":1,"featured_media":0,"parent":0,"menu_order":0,"comment_status":"closed","ping_status":"closed","template":"","meta":{"footnotes":""},"class_list":["post-144","page","type-page","status-publish","hentry"],"_links":{"self":[{"href":"https:\/\/cloudigens.com\/index.php?rest_route=\/wp\/v2\/pages\/144","targetHints":{"allow":["GET"]}}],"collection":[{"href":"https:\/\/cloudigens.com\/index.php?rest_route=\/wp\/v2\/pages"}],"about":[{"href":"https:\/\/cloudigens.com\/index.php?rest_route=\/wp\/v2\/types\/page"}],"author":[{"embeddable":true,"href":"https:\/\/cloudigens.com\/index.php?rest_route=\/wp\/v2\/users\/1"}],"replies":[{"embeddable":true,"href":"https:\/\/cloudigens.com\/index.php?rest_route=%2Fwp%2Fv2%2Fcomments&post=144"}],"version-history":[{"count":4,"href":"https:\/\/cloudigens.com\/index.php?rest_route=\/wp\/v2\/pages\/144\/revisions"}],"predecessor-version":[{"id":194,"href":"https:\/\/cloudigens.com\/index.php?rest_route=\/wp\/v2\/pages\/144\/revisions\/194"}],"wp:attachment":[{"href":"https:\/\/cloudigens.com\/index.php?rest_route=%2Fwp%2Fv2%2Fmedia&parent=144"}],"curies":[{"name":"wp","href":"https:\/\/api.w.org\/{rel}","templated":true}]}}